{"id":16,"date":"2011-12-16T17:22:25","date_gmt":"2011-12-16T16:22:25","guid":{"rendered":"http:\/\/wordpress.erlanger.de\/?page_id=16"},"modified":"2017-07-27T19:44:37","modified_gmt":"2017-07-27T18:44:37","slug":"impressum","status":"publish","type":"page","link":"https:\/\/www.erlanger.de\/?page_id=16","title":{"rendered":"Impressum"},"content":{"rendered":"<h2>Wir \u00fcber uns<\/h2>\n<figure id=\"attachment_130\" aria-describedby=\"caption-attachment-130\" style=\"width: 400px\" class=\"wp-caption alignnone\"><a href=\"https:\/\/wordpress.erlanger.de\/wp-content\/uploads\/2011\/12\/Pic6.jpg\"><img loading=\"lazy\" decoding=\"async\" class=\"wp-image-130 size-full\" title=\"Pic6\" src=\"https:\/\/www.erlanger.de\/wp-content\/uploads\/2011\/12\/Pic6.jpg\" alt=\"Foto: Thomas Sch\u00e4fer, Autor der &quot;Biergeschichten aus Herzogenaurach&quot;\" width=\"400\" height=\"301\" srcset=\"https:\/\/www.erlanger.de\/wp-content\/uploads\/2011\/12\/Pic6.jpg 400w, https:\/\/www.erlanger.de\/wp-content\/uploads\/2011\/12\/Pic6-300x225.jpg 300w\" sizes=\"auto, (max-width: 400px) 100vw, 400px\" \/><\/a><figcaption id=\"caption-attachment-130\" class=\"wp-caption-text\">Buchautoren v.l.n.r.: Jochen Buchelt, Hans-Diether D\u00f6rfler, Martin Schieber bei der Vorstellung des Bergbier-Jahrganges 2000.<\/figcaption><\/figure>\n<p><a href=\"https:\/\/www.erlanger.de\/?attachment_id=138\"><img loading=\"lazy\" decoding=\"async\" class=\"wp-image-138 alignleft\" title=\"erlanger_de\" src=\"https:\/\/www.erlanger.de\/wp-content\/uploads\/2011\/12\/erlanger_de.gif\" alt=\"\" width=\"103\" height=\"12\" \/><\/a> ist eine rein private Website zur (sicher nicht vollst\u00e4ndigen) Darstellung der Bier- und Brauereikultur der fr\u00e4nkischen Universit\u00e4tsstadt Erlangen.<\/p>\n<p><strong>Anbieter und Verantwortlicher:<\/strong> Jochen Buchelt<br \/>\n<strong>Anschrift:<\/strong> Markgrafenstr. 3, 90459 N\u00fcrnberg, Germany<br \/>\n<strong>E-Mail:<\/strong> jochen.buchelt at erlanger.de\u00a0(at = @)<\/p>\n<p><strong>Realisation:<\/strong> Werner Voge<br \/>\n<strong>E-Mail:<\/strong>\u00a0 werner.voge at erlanger.de (at = @)<\/p>\n<figure id=\"attachment_132\" aria-describedby=\"caption-attachment-132\" style=\"width: 320px\" class=\"wp-caption alignnone\"><a href=\"https:\/\/wordpress.erlanger.de\/wp-content\/uploads\/2012\/01\/wir.jpg\"><img loading=\"lazy\" decoding=\"async\" class=\"wp-image-132 size-full\" title=\"wir\" src=\"https:\/\/www.erlanger.de\/wp-content\/uploads\/2012\/01\/wir.jpg\" alt=\"\" width=\"320\" height=\"240\" srcset=\"https:\/\/www.erlanger.de\/wp-content\/uploads\/2012\/01\/wir.jpg 320w, https:\/\/www.erlanger.de\/wp-content\/uploads\/2012\/01\/wir-300x225.jpg 300w\" sizes=\"auto, (max-width: 320px) 100vw, 320px\" \/><\/a><figcaption id=\"caption-attachment-132\" class=\"wp-caption-text\">Zum Wohl!<\/figcaption><\/figure>\n<p>&nbsp;<\/p>\n<p><strong>Fotographie und Bildbearbeitung: <\/strong>Sabine Ismaier (isa)<\/p>\n<figure id=\"attachment_133\" aria-describedby=\"caption-attachment-133\" style=\"width: 320px\" class=\"wp-caption alignnone\"><a href=\"https:\/\/wordpress.erlanger.de\/wp-content\/uploads\/2012\/01\/ISA_Erlanger_de.jpg\"><img loading=\"lazy\" decoding=\"async\" class=\"wp-image-133 size-full\" title=\"ISA_Erlanger_de\" src=\"https:\/\/www.erlanger.de\/wp-content\/uploads\/2012\/01\/ISA_Erlanger_de.jpg\" alt=\"\" width=\"320\" height=\"240\" srcset=\"https:\/\/www.erlanger.de\/wp-content\/uploads\/2012\/01\/ISA_Erlanger_de.jpg 320w, https:\/\/www.erlanger.de\/wp-content\/uploads\/2012\/01\/ISA_Erlanger_de-300x225.jpg 300w\" sizes=\"auto, (max-width: 320px) 100vw, 320px\" \/><\/a><figcaption id=\"caption-attachment-133\" class=\"wp-caption-text\">Foto: Dr. Andreas Jakob<\/figcaption><\/figure>\n<p>&nbsp;<\/p>\n<p><span style=\"font-size: x-small;\">Mit Urteil vom 12. Mai 1998 hat das Landgericht Hamburg entschieden, da\u00df man durch die Ausbringung eines Links die Inhalte der gelinkten Seite ggf. mit zu verantworten hat. Dies kann, so das LG, nur dadurch verhindert werden, da\u00df man sich ausdr\u00fccklich von diesen Inhalten distanziert. Wir haben auf unseren Seiten Links zu anderen Seiten im Internet gelegt. F\u00fcr alle diese Links gilt: Erlanger.de vertreten durch Jochen Buchelt und Werner Voge erkl\u00e4ren hiermit ausdr\u00fccklich, da\u00df sie keinerlei Einflu\u00df auf die Gestaltung und die Inhalte der gelinkten Seiten haben. Deshalb distanzieren wir uns hiermit ausdr\u00fccklich von allen Inhalten aller gelinkten Seiten auf dieser Homepage und machen uns diese Inhalte nicht zu Eigen. Diese Erkl\u00e4rung gilt f\u00fcr alle auf unserer Homepage angezeigten Links und f\u00fcr alle Inhalte der Seiten, zu denen die bei uns angemeldeten Banner und Links f\u00fchren.<\/span><\/p>\n<p><span style=\"font-size: x-small;\">Von unseren eigenen Inhalten sind Querverweise, sog. Links, auf die von anderen Anbietern bereitgehaltenen Inhalte klar zu trennen. Durch diese Links erm\u00f6glichen wir den Zugang zu \u201efremden\u201c Inhalten. Dadurch vermitteln wir lediglich den Zugang zur Nutzung dieser Inhalte. F\u00fcr diese \u201efremden\u201c Inhalte sind wir nicht verantwortlich, da wir die \u00dcbermittlung der Informationen nicht veranlasst, den Adressaten der \u00fcbermittelten Informationen nicht ausgew\u00e4hlt und die \u00fcbermittelten Informationen selbst auch nicht ausgew\u00e4hlt oder ver\u00e4ndert haben. Auch eine automatische kurzzeitige Zwischenspeicherung dieser \u201efremden\u201c Informationen erfolgt aufgrund der gew\u00e4hlten Aufruf- und Verlinkungsmethodik nicht, sodass sich auch dadurch keine Verantwortlichkeit unsererseits f\u00fcr diese \u201efremden\u201c Inhalte ergibt. Sobald wir feststellen oder von anderer Seite darauf hingewiesen werden, dass ein konkretes Angebot, zu dem wir einen Link bereitgestellt haben, in irgendeiner Weise bedenklich ist, werden wir den Verweis auf dieses Angebot unverz\u00fcglich aufheben, soweit es technisch m\u00f6glich und zumutbar ist. F\u00fcr illegale, fehlerhafte oder unvollst\u00e4ndige Inhalte und insbesondere f\u00fcr Sch\u00e4den, die aus der Nutzung oder Nichtnutzung von Informationen Dritter entstehen, haftet allein der jeweilige Anbieter der Seite, auf welche verwiesen wurde.<\/span><\/p>\n<p><span style=\"font-size: x-small;\">Wir haben alle in unserem Bereich bereitgestellten Informationen nach bestem Wissen und Gewissen erarbeitet. Es wird jedoch keinerlei Gew\u00e4hr f\u00fcr die Vollst\u00e4ndigkeit, Qualit\u00e4t, Richtigkeit und Aktualit\u00e4t oder jederzeitige Verf\u00fcgbarkeit der bereitgestellten Informationen \u00fcbernommen. Wir haften nicht f\u00fcr Sch\u00e4den, die durch die Nutzung oder Nichtnutzung der von uns angebotenen Informationen entstehen. F\u00fcr etwaige Sch\u00e4den, die beim Aufrufen oder Herunterladen von Daten durch Computerviren oder der Installation bzw. Nutzung von Software verursacht werden, wird nicht gehaftet. Namentlich gekennzeichnete Internetseiten geben die Auffassungen und Erkenntnisse der abfassenden Person\/en wieder. Wir behalten uns ausdr\u00fccklich vor, einzelne Internetseiten oder auch das gesamte Angebot ohne gesonderte Ank\u00fcndigung zu ver\u00e4ndern, zu erg\u00e4nzen, zu l\u00f6schen oder die Ver\u00f6ffentlichung zeitweise oder endg\u00fcltig einzustellen.<\/span><\/p>\n<p><span style=\"font-size: x-small;\">Falls nicht anders angegeben, unterliegen alle Seiten auf unserem Internetangebot dem Urheberrecht (Copyright). Dies gilt insbesondere f\u00fcr Texte, Bilder, Grafiken, Ton-, Video- oder Animationsdateien einschlie\u00dflich deren Anordnung auf den Internetseiten. Eine Verwendung solcher Seiten (oder Teile davon) in anderen elektronischen oder gedruckten Publikationen und deren Ver\u00f6ffentlichung (auch im Internet) ist nur nach vorheriger Genehmigung durch uns gestattet. Allerdings ist die private, eindeutig nicht kommerzielle Nutzung durchaus erw\u00fcnscht. Verwendete Bilder, Grafiken, Text- oder sonstige Dateien k\u00f6nnen ganz oder teilweise dem Urheberrecht Dritter unterliegen. Alle innerhalb unseres Internetangebots genannten und ggf. durch Dritte gesch\u00fctzten Marken- und Warenzeichen unterliegen uneingeschr\u00e4nkt den Bestimmungen des jeweils g\u00fcltigen Kennzeichnungsrechts und den Besitzrechten der jeweiligen eingetragenen Eigent\u00fcmer. Allein aufgrund der blo\u00dfen Nennung oder Abbildung in unserem Internetangebot ist nicht der Schluss zu ziehen, dass Marken- und Warenzeichen nicht durch Rechte Dritter gesch\u00fctzt sind.<\/span><\/p>\n<p>&nbsp;<\/p>\n","protected":false},"excerpt":{"rendered":"<p>Wir \u00fcber uns ist eine rein private Website zur (sicher nicht vollst\u00e4ndigen) Darstellung der Bier- und Brauereikultur der fr\u00e4nkischen Universit\u00e4tsstadt Erlangen. Anbieter und Verantwortlicher: Jochen Buchelt Anschrift: Markgrafenstr. 3, 90459 N\u00fcrnberg, Germany E-Mail: jochen.buchelt at erlanger.de\u00a0(at = @) Realisation: Werner Voge E-Mail:\u00a0 werner.voge at erlanger.de (at = @) &nbsp; Fotographie und Bildbearbeitung: Sabine Ismaier (isa) &hellip; <a href=\"https:\/\/www.erlanger.de\/?page_id=16\" class=\"more-link\"><span class=\"screen-reader-text\">Impressum<\/span> weiterlesen <span class=\"meta-nav\">&rarr;<\/span><\/a><\/p>\n","protected":false},"author":2,"featured_media":0,"parent":0,"menu_order":0,"comment_status":"closed","ping_status":"closed","template":"","meta":{"ngg_post_thumbnail":0,"footnotes":""},"class_list":["post-16","page","type-page","status-publish","hentry"],"_links":{"self":[{"href":"https:\/\/www.erlanger.de\/index.php?rest_route=\/wp\/v2\/pages\/16","targetHints":{"allow":["GET"]}}],"collection":[{"href":"https:\/\/www.erlanger.de\/index.php?rest_route=\/wp\/v2\/pages"}],"about":[{"href":"https:\/\/www.erlanger.de\/index.php?rest_route=\/wp\/v2\/types\/page"}],"author":[{"embeddable":true,"href":"https:\/\/www.erlanger.de\/index.php?rest_route=\/wp\/v2\/users\/2"}],"replies":[{"embeddable":true,"href":"https:\/\/www.erlanger.de\/index.php?rest_route=%2Fwp%2Fv2%2Fcomments&post=16"}],"version-history":[{"count":20,"href":"https:\/\/www.erlanger.de\/index.php?rest_route=\/wp\/v2\/pages\/16\/revisions"}],"predecessor-version":[{"id":2623,"href":"https:\/\/www.erlanger.de\/index.php?rest_route=\/wp\/v2\/pages\/16\/revisions\/2623"}],"wp:attachment":[{"href":"https:\/\/www.erlanger.de\/index.php?rest_route=%2Fwp%2Fv2%2Fmedia&parent=16"}],"curies":[{"name":"wp","href":"https:\/\/api.w.org\/{rel}","templated":true}]}}